ase 6, what is 525355 + -15?
525340
In base 6, what is 3 + -245055?
-245052
In base 11, what is 34a4 + -3?
34a1
In base 12, what is -99 - -41?
-58
In base 16, what is 111c3 + -5?
111be
In base 2, what is -1100 + -11001110111011?
-11001111000111
In base 9, what is 51 + 36662?
36723
In base 15, what is -a351 - 23?
-a374
In base 4, what is -112333100 + 3?
-112333031
In base 9, what is 245 + -16?
228
In base 7, what is 2 + 2660241?
2660243
In base 3, what is 1100101110 - 1?
1100101102
In base 2, what is 1111 - 11110011110?
-11110001111
In base 6, what is 40 - -22103?
22143
In base 14, what is 18 - 8?
10
In base 13, what is 4a2b + -5?
4a26
In base 9, what is 2207 - 10?
2187
In base 6, what is 5301134 + 2?
5301140
In base 4, what is 23002 - -1013210?
1102212
In base 7, what is 3 - -105064?
105100
In base 7, what is 31 + 6005?
6036
In base 13, what is 6 - -14662?
14668
In base 13, what is 385 + 18b?
543
In base 8, what is -10565 - -5?
-10560
In base 5, what is 342142011 + -10?
342142001
In base 15, what is 366 + -26?
340
In base 15, what is -b0b - 1?
-b0c
In base 16, what is 82d4 + 4?
82d8
In base 4, what is -232330003 - -11?
-232323332
In base 16, what is -3e0 - -38?
-3a8
In base 11, what is 8 - -449982?
44998a
In base 14, what is 11 + 182?
193
In base 14, what is -41476 + 4?
-41472
In base 7, what is 1103 + -32?
1041
In base 10, what is 7637 + 12?
7649
In base 10, what is 5426 - -62?
5488
In base 4, what is -30103 + -1302?
-32011
In base 11, what is -6891 - -3?
-6889
In base 15, what is 27 - -1c?
44
In base 7, what is 26311 + 20?
26331
In base 14, what is 16 + -305?
-2cd
In base 4, what is 3 + -303223?
-303220
In base 8, what is 16344 - -31?
16375
In base 4, what is 110 + 132332?
133102
In base 9, what is 5128 - -3?
5132
In base 12, what is 9 - 9618?
-960b
In base 12, what is -1741 - -1?
-1740
In base 16, what is -526a + 4?
-5266
In base 15, what is -5 - -4306?
4301
In base 6, what is -30451 - 23?
-30514
In base 14, what is -546 - -7c9?
283
In base 3, what is 11020 + -22212?
-11122
In base 7, what is -16134 + -22?
-16156
In base 11, what is -3 + 1a8a8?
1a8a5
In base 4, what is -1130323212 - 3?
-1130323221
In base 15, what is 24ac + 0?
24ac
In base 3, what is 110220022 - 0?
110220022
In base 7, what is -5 - -46126?
46121
In base 15, what is -1b4de + -4?
-1b4e3
In base 10, what is -6 - -1333?
1327
In base 8, what is 630 + 176?
1026
In base 4, what is -302 + -1331303?
-1332211
In base 15, what is 19ec0 - -1?
19ec1
In base 14, what is -70 + 734?
6a4
In base 16, what is -3fc - -4c?
-3b0
In base 8, what is -10706614 + -2?
-10706616
In base 11, what is -208 - -3335?
3128
In base 6, what is 3434 + -210?
3224
In base 6, what is -1415512 + 0?
-1415512
In base 9, what is 170644 - 2?
170642
In base 15, what is -42b5 + 2?
-42b3
In base 8, what is 12 + -60100?
-60066
In base 8, what is 2544 - 1234?
1310
In base 6, what is 2 + -5154040?
-5154034
In base 7, what is -4 + -2041633?
-2041640
In base 16, what is 819 - -74?
88d
In base 9, what is -7 - 105464?
-105472
In base 13, what is 1 - 14376?
-14375
In base 12, what is 26 - -6b10?
6b36
In base 7, what is -244 - -156?
-55
In base 3, what is -1202 - -102012221?
102011012
In base 16, what is 7de6 + 17?
7dfd
In base 15, what is d9 + -cb8?
-bce
In base 13, what is 39b + -105?
296
In base 9, what is -141 + -701?
-842
In base 7, what is 362 - 5321?
-4626
In base 7, what is 12365 + -1121?
11244
In base 2, what is 110 - 11111111001011000?
-11111111001010010
In base 3, what is 10 + 210102222?
210110002
In base 14, what is 2c6 + -15?
2b1
In base 4, what is 111 - -1231200?
1231311
In base 8, what is -1 - -3756?
3755
In base 12, what is -10b8b - -3?
-10b88
In base 4, what is -110220 + 132?
-110022
In base 6, what is 4 - -154023?
154031
In base 10, what is -3 - -120518?
120515
In base 5, what is 424 + 14144?
20123
In base 3, what is 222200 - -1211212?
2211112
In base 11, what is -173699 - -1?
-173698
In base 5, what is 433 + -2404?
-1421
In base 12, what is -7 + -504?
-50b
In base 14, what is 26 - 29b8?
-2992
In base 14, what is -480 + -53?
-4d3
In base 2, what is 10010101100000101101 + 1?
10010101100000101110
In base 10, what is 21 - -156026?
156047
In base 8, what is -2745 - 430?
-3375
In base 12, what is a32 + 128?
b5a
In base 7, what is -2 - 231645?
-231650
In base 13, what is -975 + 4?
-971
In base 16, what is -b - 16568?
-16573
In base 11, what is -31 - 255?
-286
In base 8, what is -105 + 107?
2
In base 4, what is -122222020310 + 0?
-122222020310
In base 13, what is c - 4360a?
-435cb
In base 7, what is -232242 - -10?
-232232
In base 12, what is 894 + -509?
387
In base 11, what is -170 + -262?
-422
In base 10, what is -3 + -93481?
-93484
In base 13, what is 5851 - -6?
5857
In base 13, what is 1215 - 5b?
1187
In base 4, what is 11 - -122101000?
122101011
In base 11, what is 121973 + -5?
121969
In base 16, what is -3 - -371d?
371a
In base 5, what is -10 - 33124?
-33134
In base 10, what is -4369 - 8?
-4377
In base 15, what is 5 + -5621?
-561b
In base 16, what is -44d - -504?
b7
In base 9, what is 12327 - 108?
12218
In base 6, what is -24002 - 433?
-24435
In base 10, what is -10 + 81905?
81895
In base 12, what is 2 + 243511?
243513
In base 13, what is -8c + 17?
-75
In base 11, what is a1 - -335?
426
In base 9, what is -270 - -32?
-237
In base 14, what is 12 - -1b5?
1c7
In base 2, what is -10001010 + 100101011101?
100011010011
In base 10, what is 26 + 12037?
12063
In base 5, what is -344420 + -2122?
-402042
In base 12, what is -44b - 398?
-827
In base 12, what is 5 + 4597?
45a0
In base 11, what is 5 + 3957?
3961
In base 10, what is -765 + -35?
-800
In base 16, what is 3adf + -1?
3ade
In base 2, what is -101111 + -1110111100?
-1111101011
In base 11, what is -4 - -7531?
7528
In base 15, what is 0 - 83a0?
-83a0
In base 8, what is 20701 + 1?
20702
In base 8, what is -2505 + -126?
-2633
In base 9, what is 5753 + -40?
5713
In base 3, what is 110202 - -101?
111010
In base 9, what is -173 - -213?
30
In base 4, what is -2 - 13010?
-13012
In base 11, what is -50809 + a?
-507aa
In base 2, what is 100 - -1010100010010?
1010100010110
In base 7, what is -121442 + 14?
-121425
In base 6, what is 24201300 - 2?
24201254
In base 14, what is 4811 - -1b5?
49c6
In base 4, what is 2131 + -230202?
-222011
In base 11, what is -5 - -2935?
2930
In base 7, what is 2025560 + -4?
2025553
In base 9, what is -1053 + -63?
-1126
In base 3, what is -1201102 + 22000?
-1102102
In base 14, what is b - 470c?
-4701
In base 9, what is 1176 + 1635?
2822
In base 2, what is 110 - 111011110100110?
-111011110100000
In base 16, what is -429 - 98?
-4c1
In base 2, what is 110000101010101 + -10010?
110000101000011
In base 13, what is 3 + 26161?
26164
In base 10, what is 5 - -5205?
5210
In base 13, what is -46 - -1450c?
14496
In base 11, what is 66a - 1a?
650
In base 5, what is -122410 - 2?
-122412
In base 8, what is 64 - 554?
-470
In base 10, what is -5 - 544858?
-544863
In base 7, what is -300 + -2165?
-2465
In base 8, what is -1043 + 347?
-474
In base 7, what is 4 + 220210?
220214
In base 5, what is -3 - -2413220?
2413212
In base 5, what is 1204123 - 10?
1204113
In base 3, what is -220020 - -21120022?
20200002
In base 7, what is -116 + 2252?
2133
In base 15, what is -4 - -8a8a?
8a86
In base 3, what is -120121000000 + 12?
-120120222211
In base 13, what is -706 + b4c?
446
In base 13, what is -1 - a853?
-a854
In base 2, what is -1000101100111010100100 - 0?
-1000101100111010100100
In base 14, what is -396 - -31?
-365
In base 5, what is 11 + 212324?
212340
In base 13, what is -18b06 - -3?
-18b03
In base 7, what is 2264 + 21?
2315
In base 9, what is -13274 + 53?
-13221
In base 10, what is 372549 - 5?
372544
In base 4, what is 13133231 + 10?
13133301
In base 10, what is -17 - 1220?
-1237
In base 6, what is -1202222 + -1?
-1202223
In base 6, what is -333112 - 3?
-333115
In base 2, what is 0 + 11101100111010010?
11101100111010010
In base 13, what is -2 - 2324?
-2326
In base 13, what is -283577 - -1?
-283576
In base 4, what is 2013332220 + 1?
2013332221
In base 13, what is 5b9 - 17b5?
-11c9
In base 13, what is 84 + 6cc2?
7076
In base 13, what is 20 - -932?
952
In base 14, what is -3b83 - -2?
-3b81
In base 16, what is -110f + 1f?
-10f0
In base 10, what is -680397 + 1?
-680396
In b